 168516 is divided by 27984.
612
Calculate the remainder when 10610550 is divided by 624146.
68
Calculate the remainder when 4554747 is divided by 2277357.
33
What is the remainder when 610098 is divided by 305024?
50
Calculate the remainder when 23360680 is divided by 8379.
28
Calculate the remainder when 3191960 is divided by 354509.
1379
Calculate the remainder when 3826 is divided by 89.
88
What is the remainder when 64526408 is divided by 1030?
1028
What is the remainder when 759460 is divided by 14041?
1246
Calculate the remainder when 13330949 is divided by 246869.
23
Calculate the remainder when 18549307 is divided by 465.
457
Calculate the remainder when 444812 is divided by 1522.
388
Calculate the remainder when 2343933 is divided by 256.
253
What is the remainder when 1274682 is divided by 327?
36
Calculate the remainder when 2323529637 is divided by 12724.
12721
Calculate the remainder when 9726382 is divided by 67.
59
Calculate the remainder when 2047314 is divided by 120.
114
What is the remainder when 148868162 is divided by 25?
12
What is the remainder when 12249144 is divided by 1007?
1003
What is the remainder when 4035381 is divided by 32?
21
Calculate the remainder when 747402 is divided by 240.
42
What is the remainder when 944215 is divided by 8906?
179
What is the remainder when 62205344 is divided by 84?
68
What is the remainder when 4411106 is divided by 58?
32
What is the remainder when 4917886 is divided by 2458811?
264
Calculate the remainder when 491712 is divided by 60934.
4240
What is the remainder when 8994632 is divided by 214?
212
What is the remainder when 61654545 is divided by 4110303?
0
What is the remainder when 44051 is divided by 6277?
112
What is the remainder when 15276572 is divided by 7696?
12
Calculate the remainder when 48582 is divided by 2539.
341
What is the remainder when 8023049 is divided by 175?
174
Calculate the remainder when 33160826 is divided by 206.
182
What is the remainder when 4531539 is divided by 2312?
19
Calculate the remainder when 2946457 is divided by 1970.
1307
What is the remainder when 956772 is divided by 477114?
2544
Calculate the remainder when 2890433 is divided by 9.
2
Calculate the remainder when 20995150 is divided by 16225.
0
What is the remainder when 770577 is divided by 192549?
381
What is the remainder when 966039 is divided by 1376?
87
What is the remainder when 2167605 is divided by 3419?
3378
What is the remainder when 23124820 is divided by 1679?
1632
What is the remainder when 18090 is divided by 2754?
1566
What is the remainder when 26448738 is divided by 56?
50
Calculate the remainder when 97269526 is divided by 1961.
4
Calculate the remainder when 49649 is divided by 8078.
1181
What is the remainder when 286475 is divided by 417?
413
What is the remainder when 103832463 is divided by 19?
9
What is the remainder when 73551 is divided by 4903?
6
What is the remainder when 1750480 is divided by 207?
88
Calculate the remainder when 76141558 is divided by 222.
220
What is the remainder when 1974049 is divided by 1458?
1375
Calculate the remainder when 3117952 is divided by 3321.
2854
Calculate the remainder when 316724 is divided by 331.
288
Calculate the remainder when 102018411 is divided by 13.
1
Calculate the remainder when 1092096 is divided by 1685.
216
Calculate the remainder when 53370 is divided by 2203.
498
Calculate the remainder when 1720485 is divided by 6747.
0
Calculate the remainder when 3219636 is divided by 357735.
21
Calculate the remainder when 588973 is divided by 84138.
7
Calculate the remainder when 11802057 is divided by 655669.
15
What is the remainder when 23298 is divided by 7359?
1221
What is the remainder when 121929 is divided by 89?
88
Calculate the remainder when 514006 is divided by 396.
394
What is the remainder when 6945568 is divided by 15?
13
Calculate the remainder when 36061453 is divided by 221.
220
What is the remainder when 1626908 is divided by 24?
20
Calculate the remainder when 4342906 is divided by 2171448.
10
Calculate the remainder when 17698 is divided by 791.
296
What is the remainder when 24810924 is divided by 527892?
0
Calculate the remainder when 10788014 is divided by 69600.
14
What is the remainder when 1179573 is divided by 1179563?
10
What is the remainder when 10920109 is divided by 8113?
11
What is the remainder when 1476173 is divided by 115?
33
Calculate the remainder when 1751782 is divided by 23356.
82
What is the remainder when 392280 is divided by 184?
176
Calculate the remainder when 380028 is divided by 5757.
66
Calculate the remainder when 1301937 is divided by 540.
537
What is the remainder when 277015324 is divided by 313?
308
Calculate the remainder when 826106507 is divided by 18.
17
What is the remainder when 2194 is divided by 1468?
726
Calculate the remainder when 7482342 is divided by 38.
28
What is the remainder when 2524908 is divided by 6?
0
Calculate the remainder when 702434595 is divided by 101.
98
Calculate the remainder when 459143 is divided by 8194.
279
What is the remainder when 25769220 is divided by 128?
4
Calculate the remainder when 19146082 is divided by 441.
67
What is the remainder when 2199031 is divided by 7?
2
Calculate the remainder when 547602 is divided by 1022.
832
What is the remainder when 5758685 is divided by 264?
53
What is the remainder when 641667 is divided by 5392?
19
Calculate the remainder when 434779 is divided by 74.
29
Calculate the remainder when 4452742 is divided by 986.
952
Calculate the remainder when 18663388 is divided by 352.
348
What is the remainder when 114898145 is divided by 744?
737
What is the remainder when 2228320 is divided by 247586?
46
Calculate the remainder when 395537 is divided by 28250.
37
Calculate the remainder when 186071 is divided by 7356.
2171
What is the remainder when 186536 is divided by 861?
560
What is the remainder when 825119 is divided by 35?
29
What is the remainder when 1199691 is divided by 389?
15
What is the remainder when 39886701 is divided by 128253?
18
What is the remainder when 11850444 is divided by 4831?
1
What is the remainder when 2859899 is divided by 146?
51
What is the remainder when 13901867 is divided by 10?
7
Calculate the remainder when 136897109 is divided by 45632368.
5
What is the remainder when 1370416540 is divided by 161?
157
Calculate the remainder when 6492205 is divided by 6492123.
82
What is the remainder when 65202 is divided by 151?
121
What is the remainder when 126177 is divided by 3996?
2301
What is the remainder when 1184509 is divided by 38?
11
Calculate the remainder when 9687871 is divided by 172997.
39
What is the remainder when 14887721 is divided by 38770?
41
Calculate the remainder when 618066 is divided by 328.
114
Calculate the remainder when 41591856 is divided by 469.
467
What is the remainder when 727133 is divided by 59?
17
What is the remainder when 12703591 is divided by 283?
4
What is the remainder when 38088021 is divided by 134?
129
What is the remainder when 14979106 is divided by 239?
20
Calculate the remainder when 372196 is divided by 62031.
10
What is the remainder when 8238016 is divided by 272?
224
What is the remainder when 151404456 is divided by 208?
8
What is the remainder when 261444 is divided by 1046?
990
What is the remainder when 364459985 is divided by 27?
26
Calculate the remainder when 11010362 is divided by 733.
702
Calculate the remainder when 6894256 is divided by 3337.
14
Calculate the remainder when 144213 is divided by 3203.
78
Calculate the remainder when 619945 is divided by 8255.
820
Calculate the remainder when 32762847 is divided by 62.
1
Calculate the remainder when 494494 is divided by 914.
20
Calculate the remainder when 1769837 is divided by 10995.
10637
What is the remainder when 2562471 is divided by 1122?
945
What is the remainder when 18417889 is divided by 4380?
4369
Calculate the remainder when 107181 is divided by 49.
18
Calculate the remainder when 1937577 is divided by 242196.
9
What is the remainder when 20261 is divided by 19536?
725
What is the remainder when 1093921 is divided by 546855?
211
Calculate the remainder when 109199885 is divided by 12133318.
23
Calculate the remainder when 2340599 is divid